e
Is 331415786 a multiple of 11?
False
Does 204 divide 109429068?
True
Is 3 a factor of 232510049?
False
Does 4 divide 13750348?
True
Does 14 divide 16396711?
False
Does 26 divide 392902126?
False
Is 135271541 a multiple of 5013?
False
Does 13 divide 70168313?
False
Does 51 divide 59448511?
False
Is 476305886 a multiple of 1141?
True
Is 209315848 a multiple of 8?
True
Is 131 a factor of 526263550?
False
Is 338917017 a multiple of 8?
False
Does 40 divide 40618243?
False
Is 999900928 a multiple of 2678?
True
Is 85 a factor of 45319651?
False
Is 43251624 a multiple of 468?
True
Is 18 a factor of 2083698?
True
Does 164 divide 32072754?
False
Does 2 divide 95910150?
True
Is 656 a factor of 46228976?
True
Is 135 a factor of 1403050271?
False
Is 9 a factor of 342694881?
True
Is 18 a factor of 6685368?
False
Does 128 divide 782599315?
False
Is 247858170 a multiple of 309?
True
Is 117 a factor of 2190825?
True
Is 35786612 a multiple of 245?
False
Is 23 a factor of 63673177?
True
Is 11 a factor of 2738231?
False
Does 600 divide 149725200?
True
Is 4 a factor of 10530001?
False
Does 3 divide 9289559?
False
Is 1324 a factor of 220974798?
False
Is 20 a factor of 211659580?
True
Does 24 divide 65463815?
False
Does 22 divide 200160598?
True
Is 42650902 a multiple of 371?
True
Is 22988706 a multiple of 29?
True
Is 91877520 a multiple of 560?
True
Is 30674037 a multiple of 57?
True
Is 187770485 a multiple of 3815?
True
Does 162 divide 14342994?
True
Does 513 divide 30810267?
True
Does 2770 divide 35118245?
False
Does 34 divide 56259991?
False
Is 3 a factor of 190344663?
True
Is 34439087 a multiple of 43?
True
Is 4167155894 a multiple of 15?
False
Does 32 divide 367752?
False
Does 288 divide 1256587136?
False
Is 898344243 a multiple of 153?
True
Does 23 divide 167412101?
True
Does 53 divide 1052943547?
False
Is 40321366 a multiple of 1551?
False
Is 59 a factor of 151513947?
True
Is 8 a factor of 7323376?
True
Does 10 divide 99830?
True
Is 355 a factor of 88955072?
False
Is 852 a factor of 44791344?
True
Is 189 a factor of 290911589?
False
Does 472 divide 41251856?
True
Does 6 divide 17565384?
True
Is 546166596 a multiple of 12?
True
Is 4181 a factor of 1553450550?
True
Is 33 a factor of 1315369077?
True
Does 3221 divide 848980822?
False
Does 12 divide 227222932?
False
Is 5139 a factor of 631293481?
False
Is 3663532032 a multiple of 217?
False
Is 3297202 even?
True
Is 166549068 a multiple of 204?
True
Is 86 a factor of 2966323?
False
Does 40 divide 1586776154?
False
Does 25 divide 27198025?
True
Is 16089242 a multiple of 15?
False
Does 38 divide 17079242?
False
Is 73463663 a multiple of 1382?
False
Is 53497368 a multiple of 54?
True
Is 305936832 a multiple of 48?
True
Is 18235936 a multiple of 1922?
True
Is 138 a factor of 107346888?
True
Is 2510253422 a multiple of 34?
True
Is 9 a factor of 179654553?
True
Is 486 a factor of 68678604?
True
Is 11901395 a multiple of 77?
False
Does 9 divide 42193951?
False
Is 45323581 a multiple of 17?
True
Does 30 divide 100904910?
True
Does 8 divide 1243127624?
True
Does 314 divide 458138246?
True
Is 1301413834 a multiple of 43?
True
Does 212 divide 9458494?
False
Is 15 a factor of 21621090?
True
Is 1510395327 a multiple of 81?
False
Does 226 divide 553804934?
False
Is 14 a factor of 2527347652?
False
Is 321 a factor of 152511188?
False
Does 1209 divide 10334532?
True
Is 37663262 a multiple of 47?
True
Is 25256656 a multiple of 164?
True
Does 436 divide 294003084?
True
Does 32 divide 82140125?
False
Is 96772130 a multiple of 406?
True
Is 304 a factor of 18535471?
False
Is 27303116 a multiple of 81?
False
Is 194 a factor of 104841286?
True
Is 1894442632 a multiple of 4467?
False
Is 118092174 a multiple of 1845?
False
Is 860 a factor of 31352572?
False
Does 1403 divide 1839860528?
True
Is 267514588 a multiple of 45?
False
Does 61 divide 422149033?
False
Does 1306 divide 30860780?
True
Is 237 a factor of 9853749?
True
Is 116872984 a multiple of 2635?
False
Is 231 a factor of 52838016?
True
Does 14 divide 380986059?
False
Is 15 a factor of 359691803?
False
Is 9 a factor of 1618412157?
True
Does 245 divide 243306866?
False
Is 395 a factor of 1286129006?
False
Is 259 a factor of 758545473?
True
Does 2952 divide 192142728?
True
Is 18629366 a multiple of 10?
False
Is 5 a factor of 22535164?
False
Is 74010268 a multiple of 4?
True
Does 47 divide 677424536?
True
Is 67 a factor of 693898777?
False
Is 3643578624 a multiple of 1824?
True
Does 5527 divide 510921407?
True
Is 219 a factor of 26713401?
True
Is 1266 a factor of 37873251?
False
Is 860741849 a multiple of 129?
False
Is 7226840 a multiple of 4?
True
Does 50 divide 5695350?
True
Is 43709552 a multiple of 879?
False
Is 755 a factor of 11460638?
False
Is 26 a factor of 595455196?
False
Is 22 a factor of 11768710?
False
Is 379 a factor of 585370102?
False
Does 125 divide 576100305?
False
Is 3159053671 a multiple of 64?
False
Does 6 divide 57372362?
False
Is 64 a factor of 190316672?
True
Does 464 divide 311728057?
False
Does 314 divide 245997633?
False
Is 139 a factor of 139358245?
False
Is 284 a factor of 585192508?
True
Does 16 divide 634275297?
False
Is 210 a factor of 28759920?
True
Is 34 a factor of 14862161?
False
Is 80 a factor of 33523200?
True
Is 168 a factor of 323065045?
False
Does 790 divide 82905119?
False
Does 496 divide 28705290?
False
Is 115236131 a multiple of 1278?
False
Does 332 divide 3739798?
False
Is 36 a factor of 362885215?
False
Does 13 divide 53419847?
True
Is 2327727930 a multiple of 481?
False
Does 23 divide 141283672?
False
Is 2544648528 a multiple of 498?
True
Is 203 a factor of 3836903?
True
Is 1891241548 a multiple of 15?
False
Is 85340634 a multiple of 1839?
True
Does 28 divide 46322159?
False
Is 183 a factor of 909631329?
True
Is 4 a factor of 58787921?
False
Does 198 divide 2161243047?
False
Does 15 divide 1245299896?
False
Does 17 divide 41976153?
False
Does 20 divide 204494320?
True
Does 92 divide 379317012?
True
Is 57 a factor of 96944?
False
Is 151 a factor of 14627874?
False
Is 2135317536 a multiple of 198?
True
Is 886 a factor of 191674582?
True
Is 39584368 a multiple of 382?
True
Is 743 a factor of 885426?
False
Does 769 divide 22004536?
False
Does 13 divide 572413868?
True
Does 3345 divide 69138082?
False
Is 203810175 a multiple of 265?
True
Does 103 divide 1994287956?
False
Does 38 divide 152871304?
False
Is 35012886 a multiple of 842?
True
Is 14 a factor of 58697314?
False
Does 889 divide 584924335?
False
Is 8295233 a multiple of 230?
False
Is 13 a factor of 515437078?
True
Does 64 divide 2255983360?
True
Does 221 divide 7962050?
False
Is 26 a factor of 486158333?
False
Does 201 divide 27934464?
False
Does 1111 divide 221861145?
True
Does 172 divide 150919680?
True
Is 1754 a factor of 10906372?
True
Does 156 divide 403201032?
True
Is 99817502 a multiple of 569?
False
Is 95453202 a multiple of 1391?
True
Is 14542161 a multiple of 1497?
False
Is 58 a factor of 475475309?
False
Is 39 a factor of 136441968?
True
Is 1914731190 a multiple of 135?
True
Is 54 a factor of 20722884?
False
Does 6 divide 102580371?
False
Is 29 a factor of 515390465?
True
Does 8 divide 55349437?
False
Is 66 a factor of 23637977?
False
Is 71 a factor of 3268434?
False
Is 197355873 a multiple of 221?
True
Is 883336730 a multiple of 1055?
True
Does 74 divide 1732839465?
False
Is 18882809 a multiple of 14?
False
Does 4051 divide 982258123?
True
Is 14 a factor of 102629422?
True
Is 22 a factor of 1414431946?
False
Does 45 divide 275739615?
True
Is 4878 a factor of 562843152?
True
Is 329218452 a multiple of 37?
True
Is 219447800 a multiple of 130?
True
Is 80922786 a multiple of 114?
True
Does 53 divide 12480923?
False
Is 459600162 a multiple of 2574?
False
Does 4880 divide 1445640117?
False
Is 32 a factor of 381171921?
False
Is 15 a factor of 72101846?
False
Is 45 a factor of 94477230?
True
Is 5 a factor of 6651525?
True
Is 26416368 a multiple of 153?
True
Is 4 a factor of 76348882?
False
Is 19889694 a multiple of 19?
True
Is 227 a factor of 462360637?
True
Is 55578426 a multiple of 6?
True
Is 214 a factor of 143349673?
False
Is 622095872 a multiple of 64?
True
Is 424 a factor of 1063921044?
False
Does 11 divide 6159559?
False
Is 281 a factor of 127403448?
False
Does 6726 